{"id":2494,"date":"2020-11-01T14:48:33","date_gmt":"2020-11-01T13:48:33","guid":{"rendered":"https:\/\/www.atus-koeflach.at\/2019\/?page_id=2494"},"modified":"2020-11-01T14:48:33","modified_gmt":"2020-11-01T13:48:33","slug":"wir-suchen-dich","status":"publish","type":"page","link":"https:\/\/www.atus-koeflach.at\/2019\/wir-suchen-dich\/","title":{"rendered":"Wir suchen dich!"},"content":{"rendered":"<div class=\"post-content\">\n<p><strong>Du arbeitest gerne mit Kindern und Jugendlichen?<\/strong><\/p>\n<p><strong>Du liebst Sport und insbesondere Turnen?<\/strong><\/p>\n<p><strong>Dann bist du bei uns richtig!<\/strong><\/p>\n<p>Wir verst\u00e4rken unser Team und suchen engagierte und verl\u00e4ssliche Vorturner*innen, die regelm\u00e4\u00dfig eine Turngruppe betreuen und Turnstunden leiten.<\/p>\n<p>Nat\u00fcrlich kannst du auch deine eigenen Ideen und deine Kreativit\u00e4t in die Gestaltung deiner Stunden einbringen.<\/p>\n<p>Wir bieten dir gute Aus- und Weiterbildungsm\u00f6glichkeiten in den Bereichen \u201eGer\u00e4tturnen, Gymnastik, Fitness\u201c etc.<\/p>\n<p>F\u00fcr folgende Riegen suchen wir \u00dcbungsleiter*innen und Vorturnerhelfer*innen:<\/p>\n<ul>\n<li>Zwergerl- und Kleinkinderturnen<\/li>\n<li>Ger\u00e4tturnen f\u00fcr Kinder \u201eTurn10\u201c<\/li>\n<li>Ger\u00e4tturnen f\u00fcr Burschen<\/li>\n<\/ul>\n<p>Falls du Interesse hast und Mitglied in unserer Turn-Familie werden willst, melde dich bitte unter:<\/p>\n<p><a href=\"mailto:turnverein@atus-koeflach.at\">turnverein@atus-koeflach.at<\/a> oder Tel.: 0680\/210 56 55<\/p>\n<\/div>\n","protected":false},"excerpt":{"rendered":"<p>Du arbeitest gerne mit Kindern und Jugendlichen? Du liebst Sport und insbesondere Turnen? Dann bist du bei uns richtig! Wir verst\u00e4rken unser Team und suchen engagierte und verl\u00e4ssliche Vorturner*innen, die regelm\u00e4\u00dfig eine Turngruppe betreuen und Turnstunden leiten. Nat\u00fcrlich kannst du auch deine eigenen Ideen und deine Kreativit\u00e4t in die Gestaltung deiner Stunden einbringen. Wir bieten dir gute Aus- und Weiterbildungsm\u00f6glichkeiten in den Bereichen \u201eGer\u00e4tturnen, Gymnastik, Fitness\u201c etc. F\u00fcr folgende Riegen suchen wir \u00dcbungsleiter*innen und Vorturnerhelfer*innen: Zwergerl- und Kleinkinderturnen Ger\u00e4tturnen f\u00fcr Kinder \u201eTurn10\u201c Ger\u00e4tturnen f\u00fcr Burschen Falls du Interesse hast und Mitglied in unserer Turn-Familie werden willst, melde dich bitte unter: turnverein@atus-koeflach.at oder Tel.: 0680\/210 56 55<\/p>\n","protected":false},"author":1,"featured_media":0,"parent":0,"menu_order":0,"comment_status":"closed","ping_status":"closed","template":"","meta":{"footnotes":""},"class_list":["post-2494","page","type-page","status-publish","hentry"],"yoast_head":"<!-- This site is optimized with the Yoast SEO plugin v27.6 - https:\/\/yoast.com\/product\/yoast-seo-wordpress\/ -->\n<title>Wir suchen dich! - Atus K\u00f6flach Turnen<\/title>\n<meta name=\"robots\" content=\"index, follow, max-snippet:-1, max-image-preview:large, max-video-preview:-1\" \/>\n<link rel=\"canonical\" href=\"https:\/\/www.atus-koeflach.at\/2019\/wir-suchen-dich\/\" \/>\n<meta property=\"og:locale\" content=\"de_DE\" \/>\n<meta property=\"og:type\" content=\"article\" \/>\n<meta property=\"og:title\" content=\"Wir suchen dich! - Atus K\u00f6flach Turnen\" \/>\n<meta property=\"og:description\" content=\"Du arbeitest gerne mit Kindern und Jugendlichen? Du liebst Sport und insbesondere Turnen? Dann bist du bei uns richtig! Wir verst\u00e4rken unser Team und suchen engagierte und verl\u00e4ssliche Vorturner*innen, die regelm\u00e4\u00dfig eine Turngruppe betreuen und Turnstunden leiten. Nat\u00fcrlich kannst du auch deine eigenen Ideen und deine Kreativit\u00e4t in die Gestaltung deiner Stunden einbringen. Wir bieten dir gute Aus- und Weiterbildungsm\u00f6glichkeiten in den Bereichen \u201eGer\u00e4tturnen, Gymnastik, Fitness\u201c etc. F\u00fcr folgende Riegen suchen wir \u00dcbungsleiter*innen und Vorturnerhelfer*innen: Zwergerl- und Kleinkinderturnen Ger\u00e4tturnen f\u00fcr Kinder \u201eTurn10\u201c Ger\u00e4tturnen f\u00fcr Burschen Falls du Interesse hast und Mitglied in unserer Turn-Familie werden willst, melde dich bitte unter: turnverein@atus-koeflach.at oder Tel.: 0680\/210 56 55\" \/>\n<meta property=\"og:url\" content=\"https:\/\/www.atus-koeflach.at\/2019\/wir-suchen-dich\/\" \/>\n<meta property=\"og:site_name\" content=\"Atus K\u00f6flach Turnen\" \/>\n<meta name=\"twitter:card\" content=\"summary_large_image\" \/>\n<meta name=\"twitter:label1\" content=\"Gesch\u00e4tzte Lesezeit\" \/>\n\t<meta name=\"twitter:data1\" content=\"1\u00a0Minute\" \/>\n<script type=\"application\/ld+json\" class=\"yoast-schema-graph\">{\"@context\":\"https:\\\/\\\/schema.org\",\"@graph\":[{\"@type\":\"WebPage\",\"@id\":\"https:\\\/\\\/www.atus-koeflach.at\\\/2019\\\/wir-suchen-dich\\\/\",\"url\":\"https:\\\/\\\/www.atus-koeflach.at\\\/2019\\\/wir-suchen-dich\\\/\",\"name\":\"Wir suchen dich! - Atus K\u00f6flach Turnen\",\"isPartOf\":{\"@id\":\"https:\\\/\\\/www.atus-koeflach.at\\\/2019\\\/#website\"},\"datePublished\":\"2020-11-01T13:48:33+00:00\",\"breadcrumb\":{\"@id\":\"https:\\\/\\\/www.atus-koeflach.at\\\/2019\\\/wir-suchen-dich\\\/#breadcrumb\"},\"inLanguage\":\"de\",\"potentialAction\":[{\"@type\":\"ReadAction\",\"target\":[\"https:\\\/\\\/www.atus-koeflach.at\\\/2019\\\/wir-suchen-dich\\\/\"]}]},{\"@type\":\"BreadcrumbList\",\"@id\":\"https:\\\/\\\/www.atus-koeflach.at\\\/2019\\\/wir-suchen-dich\\\/#breadcrumb\",\"itemListElement\":[{\"@type\":\"ListItem\",\"position\":1,\"name\":\"Startseite\",\"item\":\"https:\\\/\\\/www.atus-koeflach.at\\\/2019\\\/\"},{\"@type\":\"ListItem\",\"position\":2,\"name\":\"Wir suchen dich!\"}]},{\"@type\":\"WebSite\",\"@id\":\"https:\\\/\\\/www.atus-koeflach.at\\\/2019\\\/#website\",\"url\":\"https:\\\/\\\/www.atus-koeflach.at\\\/2019\\\/\",\"name\":\"Atus K\u00f6flach Turnen\",\"description\":\"Turnen aus Leidenschaft\",\"publisher\":{\"@id\":\"https:\\\/\\\/www.atus-koeflach.at\\\/2019\\\/#\\\/schema\\\/person\\\/2a0a0f461c0626e22207dcef881c6d39\"},\"potentialAction\":[{\"@type\":\"SearchAction\",\"target\":{\"@type\":\"EntryPoint\",\"urlTemplate\":\"https:\\\/\\\/www.atus-koeflach.at\\\/2019\\\/?s={search_term_string}\"},\"query-input\":{\"@type\":\"PropertyValueSpecification\",\"valueRequired\":true,\"valueName\":\"search_term_string\"}}],\"inLanguage\":\"de\"},{\"@type\":[\"Person\",\"Organization\"],\"@id\":\"https:\\\/\\\/www.atus-koeflach.at\\\/2019\\\/#\\\/schema\\\/person\\\/2a0a0f461c0626e22207dcef881c6d39\",\"name\":\"Karin Krauthackl\",\"image\":{\"@type\":\"ImageObject\",\"inLanguage\":\"de\",\"@id\":\"https:\\\/\\\/secure.gravatar.com\\\/avatar\\\/ddec361b0ce7ed2674e2dda6d7dc52407fc06784890258909b75daeb085c27b7?s=96&d=mm&r=g\",\"url\":\"https:\\\/\\\/secure.gravatar.com\\\/avatar\\\/ddec361b0ce7ed2674e2dda6d7dc52407fc06784890258909b75daeb085c27b7?s=96&d=mm&r=g\",\"contentUrl\":\"https:\\\/\\\/secure.gravatar.com\\\/avatar\\\/ddec361b0ce7ed2674e2dda6d7dc52407fc06784890258909b75daeb085c27b7?s=96&d=mm&r=g\",\"caption\":\"Karin Krauthackl\"},\"logo\":{\"@id\":\"https:\\\/\\\/secure.gravatar.com\\\/avatar\\\/ddec361b0ce7ed2674e2dda6d7dc52407fc06784890258909b75daeb085c27b7?s=96&d=mm&r=g\"}}]}<\/script>\n<!-- \/ Yoast SEO plugin. -->","yoast_head_json":{"title":"Wir suchen dich! - Atus K\u00f6flach Turnen","robots":{"index":"index","follow":"follow","max-snippet":"max-snippet:-1","max-image-preview":"max-image-preview:large","max-video-preview":"max-video-preview:-1"},"canonical":"https:\/\/www.atus-koeflach.at\/2019\/wir-suchen-dich\/","og_locale":"de_DE","og_type":"article","og_title":"Wir suchen dich! - Atus K\u00f6flach Turnen","og_description":"Du arbeitest gerne mit Kindern und Jugendlichen? Du liebst Sport und insbesondere Turnen? Dann bist du bei uns richtig! Wir verst\u00e4rken unser Team und suchen engagierte und verl\u00e4ssliche Vorturner*innen, die regelm\u00e4\u00dfig eine Turngruppe betreuen und Turnstunden leiten. Nat\u00fcrlich kannst du auch deine eigenen Ideen und deine Kreativit\u00e4t in die Gestaltung deiner Stunden einbringen. Wir bieten dir gute Aus- und Weiterbildungsm\u00f6glichkeiten in den Bereichen \u201eGer\u00e4tturnen, Gymnastik, Fitness\u201c etc. F\u00fcr folgende Riegen suchen wir \u00dcbungsleiter*innen und Vorturnerhelfer*innen: Zwergerl- und Kleinkinderturnen Ger\u00e4tturnen f\u00fcr Kinder \u201eTurn10\u201c Ger\u00e4tturnen f\u00fcr Burschen Falls du Interesse hast und Mitglied in unserer Turn-Familie werden willst, melde dich bitte unter: turnverein@atus-koeflach.at oder Tel.: 0680\/210 56 55","og_url":"https:\/\/www.atus-koeflach.at\/2019\/wir-suchen-dich\/","og_site_name":"Atus K\u00f6flach Turnen","twitter_card":"summary_large_image","twitter_misc":{"Gesch\u00e4tzte Lesezeit":"1\u00a0Minute"},"schema":{"@context":"https:\/\/schema.org","@graph":[{"@type":"WebPage","@id":"https:\/\/www.atus-koeflach.at\/2019\/wir-suchen-dich\/","url":"https:\/\/www.atus-koeflach.at\/2019\/wir-suchen-dich\/","name":"Wir suchen dich! - Atus K\u00f6flach Turnen","isPartOf":{"@id":"https:\/\/www.atus-koeflach.at\/2019\/#website"},"datePublished":"2020-11-01T13:48:33+00:00","breadcrumb":{"@id":"https:\/\/www.atus-koeflach.at\/2019\/wir-suchen-dich\/#breadcrumb"},"inLanguage":"de","potentialAction":[{"@type":"ReadAction","target":["https:\/\/www.atus-koeflach.at\/2019\/wir-suchen-dich\/"]}]},{"@type":"BreadcrumbList","@id":"https:\/\/www.atus-koeflach.at\/2019\/wir-suchen-dich\/#breadcrumb","itemListElement":[{"@type":"ListItem","position":1,"name":"Startseite","item":"https:\/\/www.atus-koeflach.at\/2019\/"},{"@type":"ListItem","position":2,"name":"Wir suchen dich!"}]},{"@type":"WebSite","@id":"https:\/\/www.atus-koeflach.at\/2019\/#website","url":"https:\/\/www.atus-koeflach.at\/2019\/","name":"Atus K\u00f6flach Turnen","description":"Turnen aus Leidenschaft","publisher":{"@id":"https:\/\/www.atus-koeflach.at\/2019\/#\/schema\/person\/2a0a0f461c0626e22207dcef881c6d39"},"potentialAction":[{"@type":"SearchAction","target":{"@type":"EntryPoint","urlTemplate":"https:\/\/www.atus-koeflach.at\/2019\/?s={search_term_string}"},"query-input":{"@type":"PropertyValueSpecification","valueRequired":true,"valueName":"search_term_string"}}],"inLanguage":"de"},{"@type":["Person","Organization"],"@id":"https:\/\/www.atus-koeflach.at\/2019\/#\/schema\/person\/2a0a0f461c0626e22207dcef881c6d39","name":"Karin Krauthackl","image":{"@type":"ImageObject","inLanguage":"de","@id":"https:\/\/secure.gravatar.com\/avatar\/ddec361b0ce7ed2674e2dda6d7dc52407fc06784890258909b75daeb085c27b7?s=96&d=mm&r=g","url":"https:\/\/secure.gravatar.com\/avatar\/ddec361b0ce7ed2674e2dda6d7dc52407fc06784890258909b75daeb085c27b7?s=96&d=mm&r=g","contentUrl":"https:\/\/secure.gravatar.com\/avatar\/ddec361b0ce7ed2674e2dda6d7dc52407fc06784890258909b75daeb085c27b7?s=96&d=mm&r=g","caption":"Karin Krauthackl"},"logo":{"@id":"https:\/\/secure.gravatar.com\/avatar\/ddec361b0ce7ed2674e2dda6d7dc52407fc06784890258909b75daeb085c27b7?s=96&d=mm&r=g"}}]}},"_links":{"self":[{"href":"https:\/\/www.atus-koeflach.at\/2019\/wp-json\/wp\/v2\/pages\/2494","targetHints":{"allow":["GET"]}}],"collection":[{"href":"https:\/\/www.atus-koeflach.at\/2019\/wp-json\/wp\/v2\/pages"}],"about":[{"href":"https:\/\/www.atus-koeflach.at\/2019\/wp-json\/wp\/v2\/types\/page"}],"author":[{"embeddable":true,"href":"https:\/\/www.atus-koeflach.at\/2019\/wp-json\/wp\/v2\/users\/1"}],"replies":[{"embeddable":true,"href":"https:\/\/www.atus-koeflach.at\/2019\/wp-json\/wp\/v2\/comments?post=2494"}],"version-history":[{"count":0,"href":"https:\/\/www.atus-koeflach.at\/2019\/wp-json\/wp\/v2\/pages\/2494\/revisions"}],"wp:attachment":[{"href":"https:\/\/www.atus-koeflach.at\/2019\/wp-json\/wp\/v2\/media?parent=2494"}],"curies":[{"name":"wp","href":"https:\/\/api.w.org\/{rel}","templated":true}]}}